{"id":5,"date":"2021-02-28T20:06:35","date_gmt":"2021-02-28T20:06:35","guid":{"rendered":"http:\/\/zi-deschisa.ro\/ofi\/?page_id=5"},"modified":"2021-03-24T06:10:20","modified_gmt":"2021-03-24T06:10:20","slug":"create-your-website-with-blocks","status":"publish","type":"page","link":"https:\/\/zi-deschisa.ro\/ofi\/","title":{"rendered":"Ocup\u0103-te! Formeaz\u0103-te! Informeaz\u0103-te!"},"content":{"rendered":"\n<p class=\"has-text-align-center\"><strong>Program Opera\u021bional Capital Uman Cod proiect 135357<\/strong><\/p>\n\n\n\n<figure class=\"wp-block-image size-large\"><img loading=\"lazy\" width=\"1024\" height=\"226\" src=\"https:\/\/zi-deschisa.ro\/ofi\/wp-content\/uploads\/2021\/02\/roll-1024x226.png\" alt=\"\" class=\"wp-image-23\" srcset=\"https:\/\/zi-deschisa.ro\/ofi\/wp-content\/uploads\/2021\/02\/roll-1024x226.png 1024w, https:\/\/zi-deschisa.ro\/ofi\/wp-content\/uploads\/2021\/02\/roll-300x66.png 300w, https:\/\/zi-deschisa.ro\/ofi\/wp-content\/uploads\/2021\/02\/roll-768x169.png 768w, https:\/\/zi-deschisa.ro\/ofi\/wp-content\/uploads\/2021\/02\/roll-1536x339.png 1536w, https:\/\/zi-deschisa.ro\/ofi\/wp-content\/uploads\/2021\/02\/roll-1568x346.png 1568w, https:\/\/zi-deschisa.ro\/ofi\/wp-content\/uploads\/2021\/02\/roll.png 1595w\" sizes=\"(max-width: 1024px) 100vw, 1024px\" \/><\/figure>\n\n\n\n<p class=\"has-extra-small-font-size\"><strong>POCU\/726\/6\/12\/Cre\u0219terea particip\u0103rii la programele de formare profesional\u0103 continu\u0103, cu accent pe acei adul\u021bi, cu un nivel sc\u0103zut de calificare \u0219i persoanele cu v\u00e2rsta de peste 40 ani, din zone rurale defavorizate, inclusiv prin recunoa\u0219terea \u0219i certificarea rezultatelor \u00eenv\u0103\u021b\u0103rii dob\u00e2ndite \u00een contexte non-formale \u0219i informale<\/strong><\/p>\n\n\n\n<h2 class=\"alignwide has-text-align-center has-text-align-wide\" style=\"font-size:67px;line-height:1.1\"><strong><strong>Ocup\u0103-te! Formeaz\u0103-te! Informeaz\u0103-te<\/strong>!<\/strong><\/h2>\n\n\n\n<h2 class=\"alignwide has-text-align-center has-text-align-wide\" style=\"font-size:67px;line-height:1.1\"> <strong>Zona Sud Est<\/strong><\/h2>\n\n\n\n<div style=\"height:100px\" aria-hidden=\"true\" class=\"wp-block-spacer\"><\/div>\n\n\n\n<div class=\"wp-container-3 wp-block-columns alignwide are-vertically-aligned-center is-style-twentytwentyone-columns-overlap\">\n<div class=\"wp-container-1 wp-block-column is-vertically-aligned-center\">\n<figure class=\"wp-block-image alignfull size-large\"><img loading=\"lazy\" width=\"900\" height=\"729\" src=\"https:\/\/zi-deschisa.ro\/ofi\/wp-content\/uploads\/2021\/02\/ofi1.jpg\" alt=\"\" class=\"wp-image-51\" srcset=\"https:\/\/zi-deschisa.ro\/ofi\/wp-content\/uploads\/2021\/02\/ofi1.jpg 900w, https:\/\/zi-deschisa.ro\/ofi\/wp-content\/uploads\/2021\/02\/ofi1-300x243.jpg 300w, https:\/\/zi-deschisa.ro\/ofi\/wp-content\/uploads\/2021\/02\/ofi1-768x622.jpg 768w\" sizes=\"(max-width: 900px) 100vw, 900px\" \/><\/figure>\n\n\n\n<div style=\"height:100px\" aria-hidden=\"true\" class=\"wp-block-spacer\"><\/div>\n<\/div>\n\n\n\n<div class=\"wp-container-2 wp-block-column is-vertically-aligned-center\">\n<div style=\"height:100px\" aria-hidden=\"true\" class=\"wp-block-spacer\"><\/div>\n\n\n\n<figure class=\"wp-block-image size-large is-resized alignfull size-full is-style-twentytwentyone-border\"><img loading=\"lazy\" src=\"https:\/\/zi-deschisa.ro\/ofi\/wp-content\/uploads\/2021\/02\/ofi2.jpg\" alt=\"\" class=\"wp-image-52\" width=\"400\" height=\"400\" srcset=\"https:\/\/zi-deschisa.ro\/ofi\/wp-content\/uploads\/2021\/02\/ofi2.jpg 250w, https:\/\/zi-deschisa.ro\/ofi\/wp-content\/uploads\/2021\/02\/ofi2-150x150.jpg 150w\" sizes=\"(max-width: 400px) 100vw, 400px\" \/><\/figure>\n<\/div>\n<\/div>\n\n\n\n<div style=\"height:50px\" aria-hidden=\"true\" class=\"wp-block-spacer\"><\/div>\n\n\n\n<div class=\"wp-container-7 wp-block-columns alignwide are-vertically-aligned-top\">\n<div class=\"wp-container-4 wp-block-column is-vertically-aligned-top\">\n<h3>Despre proiect<\/h3>\n\n\n\n<p><strong>Titlul proiectului: <strong>Ocup\u0103-te! Formeaz\u0103-te! Informeaz\u0103-te<\/strong>!<\/strong><\/p>\n\n\n\n<p><strong>Componenta 1\u00a0 \u2013<\/strong>\u00a0Cre\u0219terea nivelului de calificare al angaja\u021bilor prin programe de formare continu\u0103 corelate cu nevoile pie\u021bei muncii \u2013 Regiuni mai pu\u021bin dezvoltate <strong>Axa Prioritar\u0103 Educa\u021bie \u0219i competen\u021be<\/strong><\/p>\n\n\n\n<p><\/p>\n<\/div>\n\n\n\n<div class=\"wp-container-5 wp-block-column is-vertically-aligned-top\">\n<h3>Obiectiv proiect<\/h3>\n\n\n\n<p>Cre\u0219terea particip\u0103rii la programele de formare profesional\u0103 continu\u0103, cu accent pe acei adul\u021bi, cu un nivel sc\u0103zut de calificare \u0219i persoanele cu v\u00e2rsta de peste 40 ani, din zone rurale defavorizate, inclusiv prin recunoa\u0219terea \u0219i certificarea rezultatelor \u00eenv\u0103\u021b\u0103rii dob\u00e2ndite \u00een contexte non-formale\u00a0 \u0219i informale.<\/p>\n<\/div>\n\n\n\n<div class=\"wp-container-6 wp-block-column is-vertically-aligned-top\">\n<h3>Misiune<\/h3>\n\n\n\n<p>Ac\u021biunile vor conduce la cre\u0219terea nivelului de trai, o mai bun\u0103 corelare \u00eentre aptitudinile individuale, educa\u021bie, poten\u021bialul de munc\u0103 \u0219i oportunit\u0103\u021bile de pe pia\u021ba muncii, cre\u0219terea sentimentului de contribu\u021bie la dezvoltarea societ\u0103\u021bii pentru grupul \u021bint\u0103. Beneficiile pentru<br>grupul \u021bint\u0103 care deriv\u0103 din derularea proiectului constau \u00eentr-o mai bun\u0103 cunoa\u0219tere a pie\u021bei muncii, recunoa\u0219terea de c\u0103tre grupul \u021bint\u0103 a traseului profesional adecvat, dob\u00e2ndirea de noi competen\u021be profesionale, precum \u0219i schimbarea locului de munc\u0103 mult mai u\u0219or.<\/p>\n<\/div>\n<\/div>\n\n\n\n<div style=\"height:100px\" aria-hidden=\"true\" class=\"wp-block-spacer\"><\/div>\n\n\n\n<div class=\"wp-block-cover alignwide has-blue-background-color has-background-dim is-style-twentytwentyone-border\"><div class=\"wp-block-cover__inner-container\">\n<div style=\"height:20px\" aria-hidden=\"true\" class=\"wp-block-spacer\"><\/div>\n\n\n\n<p><strong>Fundatia ZI DESCHISA<\/strong><\/p>\n\n\n\n<p>FOC\u015eANI JUDE\u0162UL VRANCEA<\/p>\n\n\n\n<p>Sediul Calea Moldovei 59<\/p>\n\n\n\n<p>CIF: 26377285<\/p>\n\n\n\n<p>E-mail: zideschisa@yahoo.com<\/p>\n\n\n\n<figure class=\"wp-block-image size-large\"><img loading=\"lazy\" width=\"171\" height=\"158\" src=\"https:\/\/zi-deschisa.ro\/ofi\/wp-content\/uploads\/2021\/02\/gov.png\" alt=\"\" class=\"wp-image-27\"\/><\/figure>\n\n\n\n<figure class=\"wp-block-image size-large is-resized\"><img loading=\"lazy\" src=\"https:\/\/zi-deschisa.ro\/ofi\/wp-content\/uploads\/2021\/02\/instr.png\" alt=\"\" class=\"wp-image-28\" width=\"176\" height=\"191\"\/><\/figure>\n\n\n\n<figure class=\"wp-block-image size-large is-resized\"><img loading=\"lazy\" src=\"https:\/\/zi-deschisa.ro\/ofi\/wp-content\/uploads\/2021\/02\/ue.png\" alt=\"\" class=\"wp-image-29\" width=\"178\" height=\"146\"\/><\/figure>\n\n\n\n<div style=\"height:75px\" aria-hidden=\"true\" class=\"wp-block-spacer\"><\/div>\n\n\n\n<div class=\"wp-container-10 wp-block-columns\">\n<div class=\"wp-container-8 wp-block-column\">\n<p><strong>Con\u0163inutul acestui material<br>nu reprezint\u0103 \u00een mod obligatoriu pozi\u0163ia oficial\u0103 a Uniunii Europene sau a Guvernului Rom\u00e2niei<\/strong><\/p>\n<\/div>\n\n\n\n<div class=\"wp-container-9 wp-block-column\">\n<p><strong>Pentru informa\u021bii detaliate despre celelalte programe cofinan\u021bate de Uniunea<br>European\u0103, v\u0103 invit\u0103m s\u0103 vizita\u021bi<\/strong>:<\/p>\n\n\n\n<p><a href=\"http:\/\/www.fonduri-ue.ro\/\">www.fonduri-ue.ro<\/a><\/p>\n<\/div>\n<\/div>\n\n\n\n<div style=\"height:20px\" aria-hidden=\"true\" class=\"wp-block-spacer\"><\/div>\n<\/div><\/div>\n","protected":false},"excerpt":{"rendered":"<p>Program Opera\u021bional Capital Uman Cod proiect 135357 POCU\/726\/6\/12\/Cre\u0219terea particip\u0103rii la programele de formare profesional\u0103 continu\u0103, cu accent pe acei adul\u021bi, cu un nivel sc\u0103zut de calificare \u0219i persoanele cu v\u00e2rsta de peste 40 ani, din zone rurale defavorizate, inclusiv prin recunoa\u0219terea \u0219i certificarea rezultatelor \u00eenv\u0103\u021b\u0103rii dob\u00e2ndite \u00een contexte non-formale \u0219i informale Ocup\u0103-te! Formeaz\u0103-te! Informeaz\u0103-te! Zona&hellip; <a class=\"more-link\" href=\"https:\/\/zi-deschisa.ro\/ofi\/\">Continue reading <span class=\"screen-reader-text\">Ocup\u0103-te! Formeaz\u0103-te! Informeaz\u0103-te!<\/span><\/a><\/p>\n","protected":false},"author":1,"featured_media":0,"parent":0,"menu_order":0,"comment_status":"closed","ping_status":"closed","template":"","meta":[],"_links":{"self":[{"href":"https:\/\/zi-deschisa.ro\/ofi\/index.php\/wp-json\/wp\/v2\/pages\/5"}],"collection":[{"href":"https:\/\/zi-deschisa.ro\/ofi\/index.php\/wp-json\/wp\/v2\/pages"}],"about":[{"href":"https:\/\/zi-deschisa.ro\/ofi\/index.php\/wp-json\/wp\/v2\/types\/page"}],"author":[{"embeddable":true,"href":"https:\/\/zi-deschisa.ro\/ofi\/index.php\/wp-json\/wp\/v2\/users\/1"}],"replies":[{"embeddable":true,"href":"https:\/\/zi-deschisa.ro\/ofi\/index.php\/wp-json\/wp\/v2\/comments?post=5"}],"version-history":[{"count":19,"href":"https:\/\/zi-deschisa.ro\/ofi\/index.php\/wp-json\/wp\/v2\/pages\/5\/revisions"}],"predecessor-version":[{"id":79,"href":"https:\/\/zi-deschisa.ro\/ofi\/index.php\/wp-json\/wp\/v2\/pages\/5\/revisions\/79"}],"wp:attachment":[{"href":"https:\/\/zi-deschisa.ro\/ofi\/index.php\/wp-json\/wp\/v2\/media?parent=5"}],"curies":[{"name":"wp","href":"https:\/\/api.w.org\/{rel}","templated":true}]}}